1) a composite number?
False
Let l(s) = -15*s + 14. Is l(-7) a prime number?
False
Let q(y) = y**3 + 6*y**2 + 3*y - 6. Let i be q(-5). Suppose 0*d + i*k + 54 = d, 2*k + 10 = 0. Is d a prime number?
False
Suppose 5*a + 23 = c, -2*c - 2*a + a = -2. Is 86 + (c - 0/1) a prime number?
True
Let l be (172/(-5))/((-4)/10). Let h(u) = -u**3 - 11*u**2 - 10*u + 5. Let q be h(-10). Suppose 5*d - l = -2*y + 6, q*y = 3*d + 261. Is y a composite number?
True
Is (-998)/4*(-16)/8 a prime number?
True
Suppose -3*j + 17 + 10 = 0. Let r = j - 4. Suppose 0 = -0*z + 2*z + r*a - 11, 4*z - a - 11 = 0. Is z a composite number?
False
Suppose 0 = n + 2*n. Suppose n*l - 2*l + 236 = 0. Let a = l + -81. Is a prime?
True
Is 2 + (2133/7 - 6/(-21)) a prime number?
True
Let p be 6 - -9 - 1*3. Let t be p*(-3)/(-12 - -3). Is (-2)/t - (-789)/6 a composite number?
False
Let g = -6 - -20. Let v = -5 + g. Suppose 3*r - v = 0, -4*c + 130 = 3*r - r. Is c prime?
True
Let j = 141 + -81. Let q = -10 + 3. Let w = j + q. Is w a prime number?
True
Let q(d) = -2*d**3 + d**2 - 2*d. Suppose 3*z - 8 = -z. Suppose -5 = z*s + 1. Is q(s) a composite number?
True
Suppose 0 = 5*b + 5*w - 14 - 16, 4*w = 2*b + 12. Suppose 3*d - 16 = -b*s, -3*s + 7 = -d - 6. Suppose n = d*n - 21. Is n a prime number?
False
Let k = 3762 - 376. Is k prime?
False
Let w = -185 - -331. Is w a prime number?
False
Suppose 5*m - 2*m = 786. Suppose -173 = -3*z + m. Is z a composite number?
True
Let z(s) = s - 5. Let q be z(8). Let d(t) = 99*t**2 - 2*t + 3. Let b be d(2). Suppose 5*c = -2*p + b, 395 = 5*c + p + q*p. Is c composite?
False
Let h = 645 + -196. Is h composite?
False
Let u(p) = -10*p - 21. Is u(-9) prime?
False
Suppose 0*x - 4*x = 0. Suppose x = 2*z + 2*z - 24. Let v(h) = 5*h - 9. Is v(z) composite?
True
Let o(i) = -3 - i**2 - 23*i**3 + 3*i**2 + 2 + 61*i**3. Suppose -3*t + 0 = -3. Is o(t) a composite number?
True
Let q(j) = j**3 + 0*j + 16*j**2 - 6*j**2 + 3*j + 1. Let k be 3/(-4) + (-168)/32. Is q(k) a prime number?
True
Suppose -z + 6 = 3*q, -2*z = -3*z. Suppose q*h - 2*t = -4, -1 + 20 = 4*h + 5*t. Is ((-6)/4)/(h/(-4)) composite?
True
Suppose 0 = -2*n - 0*n + 508. Suppose i - 5*w - n = -0*i, -5*i - 2*w = -1297. Is i a composite number?
True
Let m = -24 + 55. Is m composite?
False
Let k(v) = -8*v**3 + v**2 + 9*v + 5. Is k(-3) composite?
True
Let n(j) = 2*j - 9. Suppose 4*q + 2*y = 20, 3*q = -y + 15 + 1. Let k be n(q). Suppose -4*i + 97 = -k*i. Is i prime?
True
Suppose -28 = -2*o + 2*b, 8 = 4*o + 4*b - 8. Is 798/o + (-1)/(-3) a prime number?
True
Let h(m) = 68 - 2*m + m + 65 + m**2. Is h(0) composite?
True
Let r(p) = -74*p + 11. Is r(-7) prime?
False
Let h(v) = 32*v - 1. Is h(4) composite?
False
Let n be (250 - (-2)/(-2))*1. Suppose 0 = -2*u + n + 29. Is u a prime number?
True
Let c(o) = 16*o + 15. Is c(7) prime?
True
Let q(o) = o**2 - 7*o - 3. Let j be q(7). Is 3 - (-1 + 387/j) a prime number?
False
Suppose -17*q - 15774 = -23*q. Is q a composite number?
True
Suppose 2618 = -b + f + 3*f, 5*b + 13054 = 2*f. Is (-8)/(-2) + b/(-6) composite?
False
Let l(z) = z**3 + 10*z**2 - 11*z + 3. Let x be l(-11). Let d(t) = 3 + t**2 - 3 + 4 + 3*t. Is d(x) a prime number?
False
Suppose 2 = -2*q, -4*h = -4*q - 357 - 1587. Suppose -l + 2*l - h = 0. Is l composite?
True
Let d = 29 + -20. Let s be (d/3 - 7)/(-2). Suppose s*j + j - 306 = 3*w, 2*w + 107 = j. Is j a composite number?
False
Is 4/(-10) - (-847)/55 a composite number?
True
Let o be 53/11 - (-2)/11. Let l = -3 + o. Suppose -l*w + 62 = -9*j + 4*j, 5*w - 155 = -5*j. Is w prime?
True
Let k(d) = 3*d**3 + d - 1. Let q be k(1). Suppose -q*y + 5*x = -178, 0 = -4*y + 4*x + 249 - 25. Is y prime?
False
Let o = 542 - 291. Is o prime?
True
Let k(r) = 321*r**2 - r + 1. Is k(2) prime?
True
Suppose -3*p + 880 - 118 = 0. Suppose 0*x - p = -2*x. Is x a prime number?
True
Let n = 86 + -151. Let o = -34 - n. Is o a prime number?
True
Suppose v + 3*d + 17 - 1401 = 0, -v = -2*d - 1409. Is v prime?
True
Let v(j) = -3*j**3 - j**2 + j + 1. Let t be v(-1). Let w be (-4)/(-2) - t*2. Let q(y) = y**2 - y + 1. Is q(w) a prime number?
True
Let l(q) = -443*q + 16. Is l(-3) a composite number?
True
Let j(c) = c + 67. Let y(z) = 1. Let m(v) = j(v) + 2*y(v). Is m(0) composite?
True
Suppose -3855 - 100 = -5*b. Is b prime?
False
Suppose 5*h - 721 = -m, 4*h = 2*m - 4*m + 1418. Is m a prime number?
True
Suppose -1 = -2*d + 3. Suppose 0 = -h - 3*k - 23, h = d*k + 1 - 4. Let u = h + 70. Is u prime?
True
Suppose -3*w + 5 = -2*w. Suppose -988 + 143 = -w*c. Is c a prime number?
False
Suppose p - 387 = -4*f, -3*f = -4*f - 2*p + 88. Let h = -41 + f. Is h composite?
True
Suppose 4*b = -6*j + 2*j + 32, -b = -3. Let h be (-4 + 1)*(2 + -3). Suppose 0*l + h*l - 4*q = 78, -j*l - 2*q + 130 = 0. Is l prime?
False
Suppose -w + 3*u + 731 = 0, -21 + 1 = -5*u. Is w composite?
False
Suppose -5*c + 10 = -0*c. Suppose 140 + 18 = c*k. Is k composite?
False
Suppose -10 = k - 2*d - d, -d - 5 = -2*k. Suppose j = -3*j - x + 144, 0 = k*j - 3*x - 163. Is j a prime number?
False
Suppose -4*w - 3*z + 912 = 0, 5*z - 456 = -4*w + 2*w. Suppose 2*q - w = -2*q. Is q composite?
True
Suppose -10*q = -8*q - 502. Is (-11 + 7)*q/(-4) a composite number?
False
Let r(i) = -52*i**3 - i**2 + 2*i - 1. Let a be r(1). Let w = a - -74. Is w composite?
True
Let c(b) be the second derivative of b**4/6 + b**3 + b**2 + b. Is c(-4) composite?
True
Let v be (1 - 2) + 8 - 2. Let w(k) = k - 7. Let g be w(v). Is (-110)/g + -2 + 2 a prime number?
False
Is 4/(-6)*195/(-10)*41 prime?
False
Let z(c) be the third derivative of c**4/8 - 5*c**3/6 + 5*c**2. Is z(6) composite?
False
Let n(g) = g**3 + 6*g**2 - 2*g - 9. Let c be n(-6). Suppose -c*b - 4 = 8. Is (-98)/(-4) + b/(-8) a composite number?
True
Let i = 2 + 4. Suppose -2*c - 2 - i = 0. Let b(n) = -4*n - 3. Is b(c) a composite number?
False
Let w(m) = 10*m**3 - 4*m**2 + 6*m - 1. Is w(3) composite?
False
Suppose 30 - 6 = -4*a + 2*l, -4*a - 4*l = 24. Let t be -2*(-3)/a*-5. Suppose 0 = 4*k + t*g - 1 + 4, -k + g + 6 = 0. Is k prime?
True
Suppose 4*d - 9*d = -105. Let m = -10 - -24. Suppose -d = -w + m. Is w prime?
False
Suppose 7*v = 4*v + 2202. Is v a prime number?
False
Let b(l) = -66*l - 7. Is b(-3) a composite number?
False
Suppose -2*d - d = -678. Is d prime?
False
Suppose 3*j - 399 = 39. Suppose v - 171 = j. Is v composite?
False
Let g = 21 - 13. Suppose g = -5*p + 4*z, 0 = -3*z + 7 - 1. Suppose 4*u + p*u - 204 = 4*n, -2*u = n - 108. Is u composite?
False
Suppose 5*x = 4*w - 8, -3*w = -3*x - 2 - 4. Suppose 0 = s - 5*c - 77, -5*s + 301 + 224 = 3*c. Suppose -4*b + 2*q - q = -s, 5*q = w*b - 60. Is b prime?
False
Let h(r) = 15*r - 1. Suppose 4*v + b = 2*b + 24, -4*v - 5*b = 0. Suppose p - v*p + 13 = -g, 4*g = -p + 16. Is h(p) a composite number?
False
Let g = 37 - 56. Let d be 2 + (-28)/16 - (-49)/(-4). Let k = d - g. Is k prime?
True
Let l(u) = 2*u**3 + 2*u**2 - 7*u + 2. Let m(j) = 3*j**3 + 5*j**2 - 14*j + 4. Let f(h) = 5*l(h) - 3*m(h). Is f(5) a composite number?
True
Suppose m - 3*p - 938 = -2*p, p - 936 = -m. Is m a composite number?
False
Let n(q) be the second derivative of 9*q**6/40 - q**5/120 - q**4/4 + 2*q. Let p(a) be the third derivative of n(a). Is p(1) composite?
True
Let a = -2 - 1. Let z be 77 + (-2)/a*-3. Suppose f = 6*f - z. Is f a prime number?
False
Suppose -3*q + 6*q + 21 = -2*x, -4*x - 37 = 5*q. Is (-263)/((x - 0) + 2) a composite number?
False
Suppose 2*j = m + 10, m - 3 + 1 = -2*j. Suppose -5*y - j + 18 = 0. Suppose y - 29 = -u. Is u a prime number?
False
Let k(w) = -2*w**2 + 0 + 2*w**3 + w**2 + 1. Let c be k(-1). Is (-4 + -10)*c/2 a composite number?
True
Let k be (2/3)/(1/3). Suppose -148 = -k*h - 2*h. Is h composite?
False
Let d(r) = -494*r - 27. Is d(-4) composite?
False
Suppose -2*y + 2 = 12. Let s(d) = -34*d + 1. Let f(c) = -7*c. Let n(a) = 11*f(a) - 2*s(a). Is n(y) composite?
False
Let f(g) be the first derivative of 5*g**4/4 - 2*g**3/3 - g**2 + 3*g - 6. Is f(2) prime?
True
Let u = 2 - 4. Let y be (-1235)/(-9) - u/(-9). Let g = y - 91. Is g a prime number?
False
Let l be (23 - 3)/((-2)/219). Let d be (l/(-25))/((-2)/(-10)). Suppose 43 = -5*s + d. Is s a composite number?
False
Suppose 0 = 4*i - 82 - 474. Is i a composite number?
False
Let h(w) = 3*w**2 + 2*w + 1. Let u be h(-1). Suppose -112